ens digit of 4654708?
0
What is the hundred thousands digit of 3408958?
4
What is the hundreds digit of 10754699?
6
What is the units digit of 233617?
7
What is the tens digit of 505146?
4
What is the tens digit of 313176?
7
What is the hundred thousands digit of 212614?
2
What is the hundreds digit of 2181535?
5
What is the ten thousands digit of 203476?
0
What is the hundred thousands digit of 2127027?
1
What is the thousands digit of 178944?
8
What is the ten millions digit of 10683501?
1
What is the ten thousands digit of 98932?
9
What is the units digit of 741004?
4
What is the ten thousands digit of 3706303?
0
What is the tens digit of 12077723?
2
What is the hundred thousands digit of 718392?
7
What is the ten thousands digit of 358771?
5
What is the millions digit of 31319272?
1
What is the tens digit of 3986502?
0
What is the units digit of 28333?
3
What is the units digit of 165694?
4
What is the millions digit of 11564916?
1
What is the thousands digit of 15509637?
9
What is the thousands digit of 997575?
7
What is the hundred thousands digit of 6677160?
6
What is the hundreds digit of 24689?
6
What is the tens digit of 442607?
0
What is the thousands digit of 241885?
1
What is the units digit of 4476936?
6
What is the tens digit of 25703?
0
What is the thousands digit of 33384?
3
What is the hundred thousands digit of 33390480?
3
What is the tens digit of 4422766?
6
What is the thousands digit of 363257?
3
What is the tens digit of 3925412?
1
What is the ten thousands digit of 1924980?
2
What is the tens digit of 9602062?
6
What is the millions digit of 3415363?
3
What is the hundreds digit of 4844528?
5
What is the thousands digit of 267241?
7
What is the hundreds digit of 13330707?
7
What is the hundreds digit of 261897?
8
What is the hundreds digit of 255105?
1
What is the units digit of 504450?
0
What is the thousands digit of 502640?
2
What is the units digit of 670283?
3
What is the tens digit of 4653962?
6
What is the units digit of 584804?
4
What is the ten millions digit of 18176807?
1
What is the tens digit of 15285316?
1
What is the hundreds digit of 529002?
0
What is the thousands digit of 9128463?
8
What is the thousands digit of 5127442?
7
What is the ten thousands digit of 500058?
0
What is the hundred thousands digit of 120960?
1
What is the hundred thousands digit of 34387822?
3
What is the thousands digit of 8172516?
2
What is the ten thousands digit of 912285?
1
What is the hundred thousands digit of 2346690?
3
What is the ten thousands digit of 633637?
3
What is the tens digit of 1122674?
7
What is the hundreds digit of 3132685?
6
What is the thousands digit of 921919?
1
What is the ten thousands digit of 757815?
5
What is the units digit of 636370?
0
What is the ten thousands digit of 246682?
4
What is the ten thousands digit of 833368?
3
What is the units digit of 518921?
1
What is the hundreds digit of 8107578?
5
What is the millions digit of 2817917?
2
What is the tens digit of 13047617?
1
What is the thousands digit of 241822?
1
What is the ten thousands digit of 149129?
4
What is the ten thousands digit of 13001?
1
What is the ten thousands digit of 1012495?
1
What is the ten thousands digit of 605993?
0
What is the ten thousands digit of 1743862?
4
What is the units digit of 838419?
9
What is the thousands digit of 111629?
1
What is the thousands digit of 2756921?
6
What is the units digit of 3117550?
0
What is the hundreds digit of 51432?
4
What is the units digit of 875970?
0
What is the tens digit of 388044?
4
What is the units digit of 15416643?
3
What is the hundreds digit of 1089855?
8
What is the thousands digit of 130398?
0
What is the tens digit of 9055917?
1
What is the ten thousands digit of 271542?
7
What is the hundred thousands digit of 13971886?
9
What is the hundred thousands digit of 130973?
1
What is the tens digit of 310015?
1
What is the hundred thousands digit of 12395577?
3
What is the hundred thousands digit of 244332?
2
What is the hundreds digit of 14074898?
8
What is the ten thousands digit of 260448?
6
What is the hundreds digit of 9740?
7
What is the thousands digit of 1208741?
8
What is the hundreds digit of 585960?
9
What is the ten thousands digit of 2322532?
2
What is the hundreds digit of 26529?
5
What is the units digit of 14254221?
1
What is the hundred thousands digit of 2550733?
5
What is the ten thousands digit of 6596992?
9
What is the ten thousands digit of 10343017?
4
What is the ten millions digit of 19613602?
1
What is the hundreds digit of 2783378?
3
What is the hundred thousands digit of 8421006?
4
What is the tens digit of 36909905?
0
What is the units digit of 114321?
1
What is the units digit of 2206546?
6
What is the hundreds digit of 133475?
4
What is the hundred thousands digit of 518047?
5
What is the hundred thousands digit of 13760641?
7
What is the hundred thousands digit of 9145843?
1
What is the units digit of 2654365?
5
What is the tens digit of 140751?
5
What is the hundreds digit of 46754?
7
What is the hundred thousands digit of 2194746?
1
What is the hundreds digit of 212827?
8
What is the hundred thousands digit of 4079539?
0
What is the tens digit of 13103447?
4
What is the millions digit of 7151747?
7
What is the hundreds digit of 6440667?
6
What is the units digit of 990259?
9
What is the hundred thousands digit of 2757321?
7
What is the ten thousands digit of 5380629?
8
What is the millions digit of 3572179?
3
What is the hundred thousands digit of 948130?
9
What is the hundred thousands digit of 3444870?
4
What is the units digit of 121048?
8
What is the hundreds digit of 8214515?
5
What is the ten thousands digit of 12250695?
5
What is the thousands digit of 232795?
2
What is the thousands digit of 315967?
5
What is the tens digit of 2629624?
2
What is the hundreds digit of 21440?
4
What is the units digit of 379604?
4
What is the thousands digit of 530690?
0
What is the hundred thousands digit of 3334321?
3
What is the hundreds digit of 5138216?
2
What is the ten thousands digit of 126811?
2
What is the ten millions digit of 18512762?
1
What is the hundreds digit of 549307?
3
What is the ten millions digit of 15964957?
1
What is the hundred thousands digit of 19718292?
7
What is the millions digit of 2482366?
2
What is the tens digit of 2427496?
9
What is the tens digit of 464930?
3
What is the ten thousands digit of 589923?
8
What is the thousands digit of 4945329?
5
What is the units digit of 242266?
6
What is the units digit of 584766?
6
What is the ten thousands digit of 344372?
4
What is the hundreds digit of 7686119?
1
What is the tens digit of 107545?
4
What is the units digit of 1395582?
2
What is the hundred thousands digit of 2129953?
1
What is the tens digit of 975966?
6
What is the thousands digit of 12677953?
7
What is the millions digit of 4895428?
4
What is the units digit of 5692419?
9
What is the tens digit of 514569?
6
What is the hundreds digit of 9752761?
7
What is the hundreds digit of 232389?
3
What is the tens digit of 6979247?
4
What is the thousands digit of 6878?
6
What is the hundred thousands digit of 2222810?
2
What is the ten thousands digit of 281333?
8
What is the hundred thousands digit of 320901?
3
What is the thousands digit of 1246022?
6
What is the units digit of 27187532?
2
What is the thousands digit of 19597460?
7
What is the hundreds digit of 3797769?
7
What is the hundreds digit of 1451585?
5
What is the tens digit of 334804?
0
What is the millions digit of 1417788?
1
What is the hundreds digit of 1738226?
2
What is the ten thousands digit of 4567070?
6
What is the units digit of 68402?
2
What is the hundreds digit of 921290?
2
What is the hundreds digit of 5134443?
4
What is the units digit of 585349?
9
What is the ten thousands digit of 314727?
1
What is the ten thousands digit of 1544667?
4
What is the ten thousands digit of 1110400?
1
What is the tens digit of 315333?
3
What is the thousands digit of 4762249?
2
What is the tens digit of 181107?
0
What is the units digit of 4027005?
5
What is the ten thousands digit of 1841178?
4
What is the thousands digit of 12877484?
7
What is the ten thousands digit of 3032581?
3
What is the ten thousands digit of 993741?
9
What is the hundreds digit